3 - 259*k**2 - 34*k - 36. What is v(-1)?
-104
Let n(x) = -2084*x - 1394198. What is n(-669)?
-2
Let o(g) = -2828*g + 98995. Determine o(35).
15
Let c(m) = -38*m**3 - 6*m**2 + 75*m - 73. What is c(1)?
-42
Let k(p) = -5*p**3 + 27*p**2 - 6232*p + 31112. Calculate k(5).
2
Let z(y) = -y**2 - 206226*y - 2062154. What is z(-10)?
6
Let t(z) = 9*z**3 + 63*z**2 - 91*z - 134. Determine t(-8).
18
Let i(o) = o**3 + 690*o**2 + 2741*o - 2050. Calculate i(-686).
8
Let l(i) = 607*i + 13467. Calculate l(-22).
113
Let o(z) = 132*z**2 + 556*z + 107. Calculate o(-4).
-5
Let d(p) = p**3 - 8*p**2 - 93*p + 1310. Give d(12).
770
Let u(p) = -862*p + 183546. What is u(213)?
-60
Let y(u) = -177*u + 977. Calculate y(16).
-1855
Let v(n) = -2*n**3 + 36*n**2 - 111*n - 145. Calculate v(15).
-460
Let b(t) = 82161*t - 246726. Determine b(3).
-243
Let x(p) = -59*p**2 - 12323*p + 1670. What is x(-209)?
-2
Let r(g) = -g**2 + 96*g - 1741. Give r(25).
34
Let f(a) = 517*a + 71312. Determine f(-138).
-34
Let s(g) = g**3 - 82*g**2 - 631*g + 42. Give s(89).
-670
Let j(k) = -3*k**3 + 87*k**2 - 437*k - 59. Calculate j(23).
-588
Let s(p) = -132*p**2 + 19611*p - 11109. Calculate s(148).
-9
Let p(h) = 4*h**2 - 410*h + 409. What is p(97)?
-1725
Let w(a) = 22675*a - 158735. Give w(7).
-10
Let g(r) = 842*r - 1582. Calculate g(2).
102
Let r(p) = 2024*p + 149750. Give r(-74).
-26
Let w(v) = -v**3 - 17*v**2 + 3317*v + 56373. What is w(-17)?
-16
Let h(c) = -6*c**2 + 580*c - 3629. Calculate h(90).
-29
Let t(p) = p**2 + 1077*p + 5301. Calculate t(-5).
-59
Let o(s) = s**3 + 447*s**2 - 65309*s + 148. Determine o(116).
32
Let r(o) = -629*o + 14724. Calculate r(24).
-372
Let g(d) = -d**3 - 159*d**2 - 2326*d - 567. What is g(-16)?
41
Let k(j) = -711*j**2 - 18621*j - 3510. Give k(-26).
0
Let q(p) = -p**3 - 11*p**2 + 170*p - 446. Determine q(6).
-38
Let x(y) = -41*y - 3145. Calculate x(-74).
-111
Let r(b) = -5*b**3 + 162*b**2 + 116*b - 554. Determine r(33).
7
Let r(d) = -6*d**3 - 65*d**2 + 98*d + 80. Determine r(2).
-32
Let r(n) = 41685*n + 708653. Calculate r(-17).
8
Let k(z) = -44*z**2 - 8089*z + 1286. Determine k(-184).
-2
Let k(w) = -6*w**2 - 514*w + 4772. Calculate k(-94).
72
Let x(w) = 521*w + 169805. Give x(-326).
-41
Let b(z) = -489*z - 6688. Give b(-15).
647
Let f(m) = 12*m - 1390. Determine f(28).
-1054
Let l(u) = -10*u**3 + 7*u**2 - 44*u + 152. Calculate l(6).
-2020
Let a(l) = 97*l**3 - 775*l**2 - 9*l - 3. What is a(8)?
-11
Let g(m) = m**3 + 16*m**2 - 1143*m - 27371. Determine g(-24).
-4547
Let m(u) = -8506*u - 3895748. Give m(-458).
0
Let f(z) = -z**3 + 131*z**2 - 669*z + 180. What is f(5)?
-15
Let s(w) = -48*w**3 - 60*w**2 + 55*w + 3. Give s(-3).
594
Let f(d) = 5972*d**2 - 18099*d + 539. Give f(3).
-10
Let d(m) = -7735*m - 107260. Calculate d(-14).
1030
Let z(x) = 18*x**2 + 3757*x + 2545. Determine z(-208).
-159
Let x(r) = 7*r**3 + 582*r**2 + 80*r - 268. What is x(-83)?
-19
Let u(z) = z**3 - 14*z**2 + 19*z + 80. What is u(8)?
-152
Let j(u) = -13*u**2 - 1651*u - 303. Calculate j(-127).
-303
Let p(k) = -2*k**3 + 28*k**2 - 30*k - 252. Determine p(12).
-36
Let q(a) = -a**2 + 512*a - 45109. What is q(114)?
263
Let m(j) = -j**2 - 291*j - 20992. Determine m(-159).
-4
Let v(c) = c**3 - 5*c**2 - 111*c - 415. Give v(-6).
-145
Let s(m) = -11538*m - 468. Give s(0).
-468
Let q(l) = -99*l**2 + 45637*l + 962. Determine q(461).
40
Let b(h) = -5*h**3 + 64*h**2 - 242*h + 1008. Give b(10).
-12
Let o(d) = 3*d**2 - 63*d - 1434. What is o(-15)?
186
Let q(g) = -27*g + 936. Give q(38).
-90
Let t(l) = 3*l**3 + 54*l**2 + 230*l + 20. Calculate t(-15).
-1405
Let k(h) = 6*h**3 - 591*h**2 + 279*h + 1507. Determine k(98).
37
Let w(l) = -l**2 + 13585*l - 352528. Give w(26).
6
Let t(z) = 30*z**2 - 1526*z - 30. Determine t(51).
174
Let q(d) = -10*d**3 + 5*d**2 + 436*d - 1782. Calculate q(4).
-598
Let t(k) = -1530*k + 10619. Determine t(7).
-91
Let n(g) = 55098*g - 1983540. Determine n(36).
-12
Let i(q) = 1396*q + 75036. Determine i(-54).
-348
Let n(y) = -165*y**2 + 342*y - 74. Calculate n(8).
-7898
Let j(m) = 3*m**2 + 305*m - 2109. Calculate j(7).
173
Let q(y) = -13*y**2 - 50*y - 813. Give q(-10).
-1613
Let v(u) = 4247*u - 42297. Calculate v(10).
173
Let w(k) = -5*k**3 + 25*k**2 - 487*k + 2474. What is w(5)?
39
Let s(b) = 25*b**2 + 22273*b - 1773. What is s(-891)?
9
Let k(m) = -18*m**3 + 709*m**2 - 2219*m + 818. Calculate k(36).
-10
Let f(d) = -10*d**2 + 87887*d + 351565. Give f(-4).
-143
Let w(k) = 160*k**2 - 1239*k + 1747. Calculate w(6).
73
Let p(j) = j**3 - 74*j**2 + 1210*j - 802. What is p(23)?
49
Let j(h) = -913*h + 199569. Calculate j(219).
-378
Let o(g) = g**3 + 23*g**2 - 433*g + 1310. Determine o(9).
5
Let x(i) = i**2 + 8953*i + 4098994. Calculate x(-484).
-2
Let q(x) = -22*x**2 - 829*x - 374. Determine q(-39).
-1505
Let k(d) = -552*d - 452636. Calculate k(-820).
4
Let f(h) = -h**3 + 44*h**2 + 86*h - 8516. What is f(41)?
53
Let w(g) = g**3 - 330*g**2 - 756*g + 249472. Determine w(330).
-8
Let s(y) = y**3 - 16*y**2 - 3773*y + 81843. Calculate s(57).
-9
Let z(s) = -47*s**3 - 420*s**2 + 23*s - 2. Determine z(-9).
34
Let m(j) = 6*j**2 + 1185*j - 9240. What is m(-205)?
-15
Let r(d) = -9*d**2 - 177*d - 1064. Calculate r(-17).
-656
Let c(j) = -j**3 - 1227*j + 2456. Calculate c(2).
-6
Let u(v) = -v**2 + 96*v - 1004. What is u(26)?
816
Let y(x) = 254*x - 512. What is y(2)?
-4
Let t(r) = -r**3 - 102*r**2 - 1908*r + 569. Give t(-77).
-740
Let n(r) = -501*r - 5110. What is n(-11)?
401
Let u(h) = 13*h**3 - 283*h**2 + 1539*h + 4. What is u(11)?
-7
Let i(a) = -2361*a + 12374. Give i(5).
569
Let j(h) = 180*h**3 - 27*h**2 - 39*h - 53. Calculate j(-2).
-1523
Let n(d) = 367*d**2 + 10267*d - 19. Calculate n(-28).
233
Let f(m) = 73*m**2 + 184*m + 358. Give f(-7).
2647
Let n(i) = 454*i - 21959. What is n(49)?
287
Let g(f) = 6222*f - 161515. What is g(26)?
257
Let s(b) = 60*b**2 - 363*b - 1780. Give s(-5).
1535
Let i(n) = -1535*n + 11910. Give i(8).
-370
Let u(g) = -26*g**2 - 11*g + 1589. Determine u(-8).
13
Let k(v) = -2*v**2 - 2042*v - 36069. Calculate k(-18).
39
Let h(l) = 91*l - 1338. Calculate h(28).
1210
Let n(b) = b**2 + 5648*b + 157362. Give n(-28).
2
Let k(d) = -447*d - 3785. Give k(-5).
-1550
Let m(b) = -b**2 - 4326*b - 17318. What is m(-4)?
-30
Let m(h) = -4*h**2 + 1049*h - 14198. What is m(14)?
-296
Let z(q) = 3876*q + 7881. What is z(-2)?
129
Let s(w) = w**3 + 6*w**2 - 412*w - 2921. Calculate s(-7).
-86
Let f(s) = 14141*s - 452523. Calculate f(32).
-11
Let j(q) = 17*q**3 - 215*q**2 + 429*q - 6598. Determine j(13).
-7
Let u(t) = t**3 - 48*t**2 - 84*t + 15. Determine u(48).
-4017
Let j(q) = 14*q**2 - 634*q + 1745. Calculate j(3).
-31
Let k(r) = 749*r + 52767. Determine k(-68).
1835
Let r(v) = v**2 + 26136*v - 339937. Give r(13).
0
Let n(z) = -17*z**2 - 540*z + 230. Give n(-32).
102
Let s(f) = 233*f**2 - 3629*f - 1596. Calculate s(16).
-12
Let u(j) = -125631*j - 4020194. What is u(-32)?
-2
Let v(x) = -x**3 + 109*x**2 - 1413*x + 7. Calculate v(94).
-275
Let i(f) = -f**2 + 749*f + 15736. Calculate i(-20).
356
Let k(b) = -b**3 - 43*b**2 + 1105*b + 443. Calculate k(-61).
16
Let f(s) = -s**3 + 9*s**2 + 221*s + 172. Calculate f(-11).
161
Let h(m) = -2*m**2 - 2249*m - 50665. Calculate h(-23).
4
Let j(l) = -36*l**3 + 135*l**2 + 47*l - 36. Determine j(4).
8
Let z(l) = -l**2 - 126*l - 3999. What is z(-64)?
-31
Let j(q) = q**3 + 2*q**2 - 87*q + 47. Give j(8).
-9
Let p(k) = -58629*k - 410407. Give p(-7).
-4
Let b(f) = 5*f**2 - 3687*f - 33587. Determine b(-9).
1
Let h(p) = 14*p**3 + 3*p**2 - 1349*p + 1346. Determine h(1).
14
Let f(y) = 134*y**2 + 308*y + 924. Calculate f(-3).
1206
Let p(f) = f**3 - 33*f**2 + 73*f + 148. Calculate p(29).
-1099
Let k(s) = 9*s**2 + 60*s - 56. Determine k(3).
205
Let j(i) = -787*i - 10417. What is j(-13)?
-186
Let c(b) = b**3 - 319*b**2 + 167*b - 155901. Give c(320).
-61
Let u(v) = -1372723*v + 5490898. Give u(4).
6
Let q(b) = 41015*b - 1681576. Determine q(41).
39
Let k(p) = p**3 + 21*p**2 - 118*p - 3109. Give k(-18).
-13
Let i(h) = -18598*h + 371956. Give i(20).
-4
Let h(j) = -138777*j + 7632736. What is h(55)?
1
Let t(r) = 2916*r - 329518. Give t(113).
-10
Let s(p) = -6*p**3 + 122*p**2 - 348*p + 6164. Determine s(20).
4
Let q(i) = -i**2 - 689310*i - 4135825. Give q(-6).
-1
Let q(o) = -2*o**3 + 22*o - 3860. 